on factor of 1148 and 980?
28
Calculate the greatest common divisor of 1062 and 234.
18
What is the greatest common divisor of 111 and 52392?
111
What is the highest common factor of 1012 and 44?
44
Calculate the greatest common divisor of 180 and 1.
1
Calculate the highest common factor of 135 and 117.
9
What is the highest common factor of 168 and 112?
56
What is the greatest common factor of 120 and 264?
24
What is the greatest common factor of 117 and 45?
9
What is the highest common divisor of 14235 and 219?
219
What is the greatest common factor of 9936 and 46?
46
What is the greatest common divisor of 637 and 1225?
49
Calculate the highest common factor of 33527 and 13.
13
Calculate the greatest common divisor of 1846 and 781.
71
What is the highest common divisor of 4365 and 30?
15
Calculate the greatest common divisor of 800 and 75.
25
Calculate the highest common divisor of 10644 and 12.
12
What is the highest common factor of 52 and 8?
4
Calculate the greatest common factor of 959 and 7.
7
Calculate the highest common divisor of 26 and 28171.
13
What is the highest common factor of 10296 and 528?
264
What is the highest common divisor of 585 and 260?
65
Calculate the greatest common factor of 1040 and 390.
130
Calculate the highest common divisor of 247 and 156.
13
What is the highest common factor of 21 and 12?
3
Calculate the greatest common divisor of 76 and 19.
19
Calculate the greatest common factor of 2556 and 252.
36
What is the greatest common divisor of 7352 and 8?
8
What is the highest common divisor of 167 and 2839?
167
Calculate the highest common factor of 414 and 184.
46
What is the greatest common divisor of 16 and 6?
2
Calculate the highest common divisor of 3612 and 36.
12
What is the highest common divisor of 2950 and 118?
118
Calculate the greatest common factor of 202 and 29189.
101
Calculate the greatest common divisor of 38 and 1102.
38
Calculate the highest common factor of 1653 and 57.
57
Calculate the highest common factor of 30 and 495.
15
What is the greatest common divisor of 649 and 767?
59
Calculate the highest common divisor of 749 and 107.
107
What is the greatest common divisor of 1450 and 116?
58
What is the greatest common factor of 22 and 334?
2
What is the highest common factor of 170 and 272?
34
Calculate the greatest common factor of 27 and 243.
27
What is the greatest common factor of 1617 and 66?
33
Calculate the highest common factor of 2236 and 26.
26
Calculate the highest common factor of 1010 and 20.
10
What is the highest common factor of 840 and 56?
56
Calculate the greatest common factor of 4 and 4.
4
Calculate the greatest common factor of 32 and 928.
32
What is the greatest common factor of 2565 and 3?
3
Calculate the greatest common factor of 7301 and 149.
149
What is the highest common factor of 496 and 1271?
31
Calculate the greatest common divisor of 1703 and 52.
13
Calculate the greatest common divisor of 2107 and 196.
49
What is the highest common divisor of 90 and 10?
10
Calculate the highest common divisor of 4625 and 37.
37
Calculate the greatest common divisor of 4200 and 96.
24
What is the highest common factor of 50 and 1730?
10
What is the highest common divisor of 450 and 100?
50
Calculate the greatest common factor of 17 and 527.
17
Calculate the greatest common divisor of 25 and 225.
25
Calculate the highest common factor of 200 and 920.
40
What is the greatest common factor of 16 and 5744?
16
What is the highest common divisor of 65 and 25?
5
Calculate the greatest common factor of 476 and 2176.
68
Calculate the greatest common divisor of 4 and 12296.
4
What is the greatest common factor of 497 and 35?
7
What is the highest common factor of 63 and 35?
7
Calculate the greatest common factor of 781 and 33.
11
Calculate the greatest common divisor of 138 and 276.
138
Calculate the highest common divisor of 7123 and 306.
17
Calculate the highest common divisor of 3 and 285.
3
Calculate the highest common factor of 17 and 425.
17
Calculate the highest common divisor of 600 and 10.
10
What is the greatest common divisor of 30 and 60?
30
Calculate the greatest common divisor of 4455 and 792.
99
What is the greatest common divisor of 1 and 256?
1
Calculate the highest common divisor of 26 and 6266.
26
Calculate the highest common factor of 67 and 603.
67
What is the greatest common divisor of 13 and 351?
13
Calculate the highest common factor of 238 and 153.
17
Calculate the highest common divisor of 288 and 45.
9
Calculate the greatest common factor of 968 and 121.
121
Calculate the greatest common factor of 2327 and 143.
13
Calculate the highest common divisor of 13500 and 200.
100
What is the highest common factor of 1026 and 9?
9
Calculate the highest common divisor of 132 and 372.
12
Calculate the greatest common divisor of 11 and 88.
11
Calculate the highest common divisor of 2565 and 1107.
27
Calculate the greatest common factor of 11 and 363.
11
What is the greatest common divisor of 16 and 4016?
16
What is the highest common divisor of 6708 and 12?
12
Calculate the highest common divisor of 1575 and 19215.
315
Calculate the highest common factor of 4380 and 10.
10
Calculate the greatest common factor of 215 and 20.
5
Calculate the greatest common divisor of 775 and 175.
25
What is the highest common factor of 13220 and 4?
4
Calculate the highest common divisor of 3835 and 130.
65
What is the greatest common factor of 252 and 448?
28
Calculate the greatest common divisor of 8 and 4.
4
Calculate the greatest common divisor of 320 and 230.
10
Calculate the greatest common factor of 45 and 1035.
45
What is the greatest common factor of 21 and 987?
21
What is the greatest common factor of 104 and 52?
52
Calculate the highest common factor of 2232 and 72.
72
Calculate the greatest common divisor of 282 and 54.
6
Calculate the greatest common factor of 154 and 98.
14
What is the greatest common divisor of 16 and 21?
1
Calculate the highest common divisor of 549 and 36.
9
What is the highest common divisor of 4796 and 44?
44
Calculate the greatest common factor of 25 and 4825.
25
Calculate the greatest common factor of 214 and 1177.
107
What is the highest common factor of 12 and 384?
12
Calculate the greatest common divisor of 33 and 7909.
11
Calculate the greatest common factor of 28 and 182.
14
Calculate the greatest common divisor of 14704 and 48.
16
Calculate the greatest common factor of 345 and 24495.
345
Calculate the highest common divisor of 732 and 12.
12
What is the greatest common factor of 388 and 6111?
97
What is the highest common factor of 6 and 195?
3
Calculate the highest common factor of 7 and 378.
7
Calculate the greatest common factor of 28 and 574.
14
Calculate the greatest common factor of 2365 and 1505.
215
What is the highest common divisor of 13 and 208?
13
What is the greatest common divisor of 316 and 4?
4
What is the greatest common divisor of 60 and 780?
60
Calculate the highest common factor of 728 and 7.
7
Calculate the greatest common factor of 165 and 2739.
33
Calculate the greatest common divisor of 228 and 1188.
12
What is the greatest common divisor of 770 and 70?
70
Calculate the greatest common factor of 15 and 930.
15
What is the highest common divisor of 47808 and 166?
166
What is the greatest common factor of 721 and 7?
7
Calculate the highest common factor of 82 and 2378.
82
What is the highest common factor of 24 and 24?
24
Calculate the greatest common factor of 18 and 8523.
9
What is the greatest common factor of 224 and 5110?
14
Calculate the greatest common factor of 178 and 28213.
89
Calculate the highest common factor of 1035 and 45.
45
What is the highest common divisor of 5548 and 2336?
292
What is the highest common factor of 32 and 144?
16
What is the highest common factor of 175 and 100?
25
What is the highest common divisor of 300 and 1725?
75
Calculate the greatest common divisor of 108 and 45.
9
What is the greatest common divisor of 306 and 252?
18
What is the highest common divisor of 100 and 275?
25
What is the greatest common divisor of 5192 and 440?
88
What is the highest common factor of 69 and 437?
23
What is the highest common factor of 60 and 2580?
60
What is the greatest common factor of 2059 and 1207